{"id":654,"date":"2013-05-06T08:51:27","date_gmt":"2013-05-06T06:51:27","guid":{"rendered":"http:\/\/www.litter.me\/wp\/?page_id=654"},"modified":"2020-08-20T21:11:04","modified_gmt":"2020-08-20T19:11:04","slug":"2013-athen","status":"publish","type":"page","link":"http:\/\/www.litter.me\/?page_id=654","title":{"rendered":"2013 &#8211; Griechenland"},"content":{"rendered":"<p>Segelt\u00f6rn mit meinen Freunden nach Athen. Nach Kos waren wir von Griechenland so begeistert, dass wir beschlossen hatten dieses freundliche und sch\u00f6ne Land noch einmal zu besuchen. Startpunkt war dieses Mal Pir\u00e4us (Flugziel: Athen) mit Segelrichtung gen S\u00fcden.<\/p>\n\r\n\t\t<div id=\"wpgpxmaps_654_891447\" class=\"wpgpxmaps\">\r\n\t\t\t<div id=\"map_654_891447_cont\" style=\"width:100%; height:450px;position:relative\" >\r\n\t\t\t\t<div id=\"map_654_891447\" style=\"width:100%; height:450px\"><\/div>\r\n\t\t\t\t<div id=\"wpgpxmaps_654_891447_osm_footer\" class=\"wpgpxmaps_osm_footer\" style=\"display:none;\"><span> &copy; <a href=\"http:\/\/www.openstreetmap.org\/copyright\">OpenStreetMap<\/a> contributors<\/span><\/div>\r\n\t\t\t<\/div>\r\n\t\t\t<canvas id=\"myChart_654_891447\" class=\"plot\" style=\"width:100%; height:200px\"><\/canvas>\r\n\t\t\t<div id=\"ngimages_654_891447\" class=\"ngimages\" style=\"display:none\"><\/div>\r\n\t\t\t<div id=\"report_654_891447\" class=\"report\"><\/div>\r\n\t\t<\/div>\r\n\t\t\r\n\t\t<script type=\"text\/javascript\">\r\n\r\n\t\t\tjQuery(document).ready(function() {\r\n\r\n\t\t\t\tjQuery( \"#wpgpxmaps_654_891447\" ).wpgpxmaps( {\r\n\t\t\t\t\ttargetId           : \"654_891447\",\r\n\t\t\t\t\tmapType            : \"OSM10\",\r\n\t\t\t\t\tmapData            : [[37.9114524,23.7042843],[37.8979286,23.7008047],[37.8778571,23.7082015],[37.8570627,23.7138527],[37.8392224,23.7232274],[37.8215406,23.7375276],[37.8041701,23.7510379],[37.7866732,23.7651071],[37.7740877,23.7830725],[37.7599454,23.8030955],[37.7460122,23.8229118],[37.7307255,23.8445243],[37.7155135,23.8658059],[37.7001293,23.8867950],[37.6847595,23.9034893],[37.6749350,23.9233257],[37.6650604,23.9467213],[37.6533798,23.9715014],[37.6495826,23.9956179],[37.6459484,24.0209589],[37.6451888,24.0458808],[37.6450692,24.0740514],[37.6443633,24.1019686],[37.6464623,24.1311837],[37.6487389,24.1550380],[37.6516875,24.1764968],[37.6536635,24.1963021],[37.6566990,24.2160960],[37.6601540,24.2431929],[37.6618466,24.2705661],[37.6646681,24.2974432],[37.6599446,24.3128080],[37.6825552,24.3192009],[37.6960774,24.3479159],[37.6863926,24.3738710],[37.6733750,24.3986519],[37.6561525,24.4262862],[37.6409693,24.4503301],[37.6247457,24.4755272],[37.6089228,24.5014821],[37.5931786,24.5285596],[37.5792348,24.5542918],[37.5728361,24.5672077],[37.5623783,24.5807034],[37.5538936,24.5934467],[37.5452372,24.6074700],[37.5363859,24.6213871],[37.5298599,24.6337191],[37.5215946,24.6449102],[37.5159849,24.6592326],[37.5049867,24.6784597],[37.4891278,24.7045176],[37.4729837,24.7299743],[37.4578821,24.7550890],[37.4429082,24.7765113],[37.4296324,24.7959889],[37.4170948,24.8146619],[37.4076786,24.8272122],[37.4188647,24.8119499],[37.4147365,24.8206189],[37.4052845,24.8362911],[37.3944704,24.8535533],[37.3934546,24.8758195],[37.3837258,24.8685306],[37.3739905,24.8548396],[37.3653283,24.8436881],[37.3529040,24.8295055],[37.3410693,24.8173159],[37.3299077,24.8063583],[37.3208589,24.7983578],[37.3119309,24.7907860],[37.3076674,24.7812138],[37.2954583,24.7707553],[37.2820187,24.7601809],[37.2682112,24.7494208],[37.2549729,24.7378723],[37.2444882,24.7222612],[37.2349011,24.7068328],[37.2242589,24.6909867],[37.2137219,24.6749817],[37.2042668,24.6595352],[37.1957282,24.6450257],[37.1854474,24.6300454],[37.1755235,24.6159910],[37.1643688,24.6023113],[37.1538604,24.5882772],[37.1432907,24.5744520],[37.1339872,24.5592058],[37.1272572,24.5429226],[37.1257664,24.5269986],[37.1417732,24.5195918],[37.1339005,24.5216839],[37.1123369,24.5213609],[37.1051640,24.5076000],[37.1023249,24.4887858],[37.1053777,24.4780083],[37.1058840,24.4623853],[37.1069489,24.4456256],[37.1092017,24.4304976],[37.1112438,24.4144849],[37.1738128,24.3822956],[37.1830123,24.3766047],[37.1940859,24.3719247],[37.2048155,24.3669071],[37.2133133,24.3619084],[37.2235919,24.3587023],[37.2331268,24.3574825],[37.2420309,24.3530947],[37.2499263,24.3461178],[37.2573987,24.3341115],[37.2642032,24.3253851],[37.2709705,24.3161207],[37.2789471,24.3046922],[37.2854785,24.2913551],[37.2883000,24.3027360],[37.2907186,24.3164328],[37.2938960,24.3304501],[37.2970474,24.3452429],[37.3043564,24.3358783],[37.3116791,24.3262431],[37.3213528,24.3166651],[37.3238896,24.3301501],[37.3240139,24.3460445],[37.3302142,24.3493363],[37.3404122,24.3389212],[37.3435724,24.3525380],[37.3470715,24.3634428],[37.3587718,24.3623115],[37.3676893,24.3659899],[37.3834523,24.3579518],[37.3937138,24.3670398],[37.4049809,24.3802198],[37.4093316,24.3750461],[37.4148824,24.3743114],[37.4176197,24.3584707],[37.4264344,24.3489470],[37.4353597,24.3484453],[37.4461843,24.3376824],[37.4570411,24.3272059],[37.4669866,24.3174701],[37.4759632,24.3087137],[37.4857975,24.2983304],[37.4923672,24.2864045],[37.4980727,24.2778109],[37.5039688,24.2659962],[37.5082668,24.2524313],[37.5135928,24.2364111],[37.5196259,24.2205388],[37.5283949,24.2069850],[37.5380151,24.1949901],[37.5457648,24.1845957],[37.5546761,24.1743518],[37.5613050,24.1633601],[37.5671149,24.1508121],[37.5732669,24.1371792],[37.5805299,24.1225495],[37.5878695,24.1088466],[37.5942332,24.0956221],[37.5990367,24.0995663],[37.5999379,24.1157056],[37.6045742,24.1162679],[37.6099898,24.1050185],[37.6149707,24.0937098],[37.6205189,24.0805247],[37.6284583,24.0698862],[37.6356802,24.0612896],[37.6482495,24.0551004],[37.6577570,24.0567897],[37.6616940,24.0740204],[37.6670466,24.0895722],[37.6740720,24.0843359],[37.6807832,24.0806010],[37.6868863,24.0930351],[37.6918005,24.0770293],[37.6946321,24.0654591],[37.6925370,24.0706291],[37.6850182,24.0790909],[37.6703105,24.0700847],[37.6529922,24.0468257],[37.6432101,24.0227413],[37.6409800,23.9976303],[37.6399284,23.9739382],[37.6392534,23.9516854],[37.6498198,23.9296167],[37.6685354,23.9088282],[37.6844759,23.8908409],[37.6988004,23.8740299],[37.7126611,23.8581389],[37.7265930,23.8419217],[37.7403335,23.8258786],[37.7550022,23.8066640],[37.7693075,23.7875183],[37.7853389,23.7687255],[37.7997569,23.7515488],[37.8177143,23.7388407],[37.8360349,23.7259911],[37.8553340,23.7176497],[37.8747144,23.7099058],[37.8943372,23.7025805],[37.9111081,23.7016037]],\r\n\t\t\t\t\tgraphDist          : [0.00,2044.32,4379.05,6746.19,8921.11,11253.89,13520.73,15831.84,17941.84,20301.78,22632.90,25182.46,27704.97,30223.22,32551.07,34610.26,36949.24,39527.53,41692.13,43959.47,46158.58,48639.28,51098.86,53695.36,55813.82,57734.74,59492.67,61280.10,63702.51,66121.97,68518.83,70660.39,73671.93,76711.18,79242.43,81863.75,84959.26,87666.64,90526.12,93410.51,96369.21,99173.85,100717.70,102389.43,103965.91,105547.05,107124.14,108456.03,109806.65,111264.12,113368.82,116266.62,119141.92,121922.71,124446.29,126712.71,128871.94,130586.79,132434.04,134175.34,135914.54,137858.43,140108.75,142376.58,144202.49,145918.97,147793.80,149498.36,151078.35,152314.34,153513.69,154900.43,156544.52,158307.80,160114.29,161912.98,163720.98,165459.44,167298.10,169140.28,170867.76,172500.30,174255.63,175926.80,177672.02,179383.68,181088.17,182801.87,184557.91,186545.30,188452.08,190370.36,192795.28,194637.68,196357.92,197833.23,199229.77,200725.01,202095.86,203547.39,211228.10,212503.84,213806.66,215085.76,216138.03,217330.28,218406.84,219490.66,220593.29,221957.72,223143.33,224259.03,225611.71,227015.89,228298.18,229542.39,230836.39,232194.52,233789.01,235016.88,236487.59,237726.56,239141.45,240643.39,242163.70,243518.39,245296.55,247212.70,249226.67,251131.77,252561.64,254285.58,256411.79,258737.15,260746.77,262041.30,263201.09,264737.94,266263.42,267666.63,268932.52,270376.52,271666.86,272819.66,274065.61,275367.60,276909.26,278497.09,280051.25,281570.73,282838.88,284183.77,285432.55,286716.21,288099.83,289623.27,291082.89,292452.61,293830.84,295266.71,296576.26,297758.31,298904.50,300226.05,301520.08,302654.70,304177.69,305751.42,307335.60,308836.61,310070.97,311249.33,312608.61,314162.09,315578.60,317297.43,318861.22,320853.72,323669.66,326109.05,328348.65,330469.13,332452.21,334882.94,337654.37,340030.78,342204.26,344284.95,346390.55,348470.64,350818.84,353134.49,355567.37,357809.13,360097.05,362456.54,364724.00,366983.58,369258.49,371434.55],\r\n\t\t\t\t\tgraphEle           : [7.20,7.20,7.20,5.20,3.20,3.20,1.20,1.20,1.20,1.20,1.20,1.20,1.20,1.20,1.20,1.20,1.20,1.20,-0.80,-0.80,-0.80,-0.80,1.20,1.20,1.20,1.20,3.20,3.20,3.20,3.20,5.20,5.20,0.60,0.60,0.40,-0.60,-0.60,-0.60,-0.60,-0.60,-0.60,-0.60,-0.60,-0.60,-2.80,-2.80,-0.60,0.40,-1.60,-3.60,-3.60,-3.60,-3.60,-1.60,-1.60,0.40,0.40,-1.60,-1.60,-1.60,-1.60,-1.60,-3.60,7.60,7.60,7.60,5.60,5.60,5.60,3.60,3.60,3.60,3.60,3.60,3.60,3.60,3.60,3.60,3.60,3.60,5.60,5.60,5.60,5.60,5.60,5.60,7.60,7.60,7.60,7.60,7.60,-4.20,-2.20,2.00,4.00,4.60,2.60,-1.60,-1.20,-0.40,-4.40,-4.40,-4.40,-6.40,-4.40,-4.40,-4.40,-2.40,-0.20,1.80,1.80,-0.20,-0.20,-2.40,-2.40,-2.40,-2.40,-0.20,-0.20,-2.20,-0.20,-0.20,1.80,-10.20,2.20,4.40,3.00,3.00,1.00,1.00,1.00,5.00,5.00,5.00,-0.20,-0.20,-0.20,-0.20,-0.20,-0.20,-0.20,-0.20,-0.20,-0.20,-0.20,-0.20,-0.20,-0.20,-0.20,-2.20,-2.20,-0.20,-2.40,-2.40,-2.40,-2.40,-2.40,-2.40,-4.40,-4.40,-2.40,-4.40,-2.20,-2.20,-0.20,-2.20,-0.20,1.80,-0.20,-0.20,-2.20,-2.20,-2.20,-2.20,-2.20,1.80,-0.20,-0.20,-2.20,-0.20,-2.40,-4.40,-4.40,-4.40,-4.40,-2.40,-2.40,-2.40,-2.40,-2.40,-0.40,-0.40,-0.40,-0.40,1.60,1.60,1.60,-0.40,-0.40,-0.40],\r\n\t\t\t\t\tgraphSpeed         : [],\r\n\t\t\t\t\tgraphHr            : [],\r\n\t\t\t\t\tgraphAtemp         : [],\r\n\t\t\t\t\tgraphCad           : [],\r\n\t\t\t\t\tgraphGrade         : [],\r\n\t\t\t\t\twaypoints          : [],\r\n\t\t\t\t\tunit               : \"0\",\r\n\t\t\t\t\tunitspeed          : \"0\",\r\n\t\t\t\t\tcolor1             : [\"#3366cc\"],\r\n\t\t\t\t\tcolor2             : \"#3366cc\",\r\n\t\t\t\t\tcolor3             : \"#ff0000\",\r\n\t\t\t\t\tcolor4             : \"#ff77bd\",\r\n\t\t\t\t\tcolor5             : \"#beecff\",\r\n\t\t\t\t\tcolor6             : \"#beecff\",\r\n\t\t\t\t\tcolor7             : \"#ff77bd\",\r\n\t\t\t\t\tchartFrom1         : \"\",\r\n\t\t\t\t\tchartTo1           : \"\",\r\n\t\t\t\t\tchartFrom2         : \"\",\r\n\t\t\t\t\tchartTo2           : \"\",\r\n\t\t\t\t\tstartIcon          : \"\",\r\n\t\t\t\t\tendIcon            : \"\",\r\n\t\t\t\t\tcurrentIcon        : \"\",\r\n\t\t\t\t\twaypointIcon       : \"\",\r\n\t\t\t\t\tcurrentpositioncon : \"\",\r\n\t\t\t\t\tusegpsposition     : \"\",\r\n\t\t\t\t\tzoomOnScrollWheel  : \"\",\r\n\t\t\t\t\tngGalleries        : [],\r\n\t\t\t\t\tngImages           : [],\r\n\t\t\t\t\tpluginUrl          : \"http:\/\/www.litter.me\/wp\/wp-content\/plugins\",\r\n\t\t\t\t\tTFApiKey           : \"\",\r\n\t\t\t\t\tMapBoxApiKey           : \"\",\r\n\t\t\t\t\tlangs              : {\r\n\t\t\t\t\t\taltitude        : \"H\u00f6he\",\r\n\t\t\t\t\t\tcurrentPosition : \"Aktuelle Position\",\r\n\t\t\t\t\t\tspeed           : \"Geschwindigkeit\",\r\n\t\t\t\t\t\tgrade           : \"Steigung\",\r\n\t\t\t\t\t\theartRate       : \"Herzfrequenz\",\r\n\t\t\t\t\t\tatemp           : \"Temperatur\",\r\n\t\t\t\t\t\tcadence         : \"Trittfrequenz\",\r\n\t\t\t\t\t\tgoFullScreen    : \"Vollbildansicht\",\r\n\t\t\t\t\t\texitFullFcreen  : \"Vollbild verlassen\",\r\n\t\t\t\t\t\thideImages      : \"Bilder verbergen\",\r\n\t\t\t\t\t\tshowImages      : \"Bilder zeigen\",\r\n\t\t\t\t\t\tbackToCenter\t: \"Zur\u00fcck zur Mitte\"\r\n\t\t\t\t\t}\r\n\t\t\t\t});\r\n\r\n\t\t\t});\r\n\r\n\t\t<\/script>Download file: <a href='http:\/\/www.litter.me\/wp-content\/uploads\/Athen.GPX' target='_new' download>Athen.GPX<\/a>\n<p>Zusammenfassend ein super Urlaub mit ordentlich Segelaction und Spa\u00df innerhalb einer super Crew. Rein vom Segeln konnten wir alle sehr viel dazulernen und Erfahrung sammeln, da die Windst\u00e4rken die wir gesegelt sind (bis knapp unter 40 Kn) noch Neuland f\u00fcr uns waren. Hut ab an die Skipper die uns jederzeit ein sicheres Gef\u00fchl gegeben haben und alles 100% im Griff hatten, auch wenn es mal etwas &#8220;nervenkitzliger&#8221; wurde. Der Umgang mit Sicherungsgurten war den Meisten ja dank Klettererfahrung bekannt, allerdings ist beispielsweise das Bergen von Segeln bei nicht wenig Wind und Wellengang nicht mehr direkt ein Kinderspiel. Das Hand-in-Hand auf dem Boot auch unter etwas schwierigeren Bedingungen hat sehr viel Spa\u00df gemacht. Gute Freunde, gutes Segeln \ud83d\ude09<\/p>\n<p><a title=\"Hier\" href=\"http:\/\/www.litter.me\/wp\/?cat=121\" target=\"_blank\" rel=\"noopener noreferrer\">Hier<\/a>\u00a0geht&#8217;s zum Reisebericht.<\/p>\n<p><a href=\"https:\/\/www.litter.me\/wp\/?aiovg_videos=segeln-athen-2013\">Video (nur f\u00fcr berechtigte Nutzer!)<\/a><\/p>\n","protected":false},"excerpt":{"rendered":"<p>Segelt\u00f6rn mit meinen Freunden nach Athen. Nach Kos waren wir von Griechenland so begeistert, dass wir beschlossen hatten dieses freundliche und sch\u00f6ne Land noch einmal zu besuchen. Startpunkt war dieses Mal Pir\u00e4us (Flugziel: Athen) mit Segelrichtung gen S\u00fcden. Zusammenfassend ein super Urlaub mit ordentlich Segelaction und Spa\u00df innerhalb einer super Crew. Rein vom Segeln konnten wir alle sehr viel dazulernen und Erfahrung sammeln, da die Windst\u00e4rken die wir gesegelt sind (bis knapp unter 40 Kn) noch Neuland f\u00fcr uns waren. Hut ab an die Skipper die uns jederzeit ein sicheres Gef\u00fchl gegeben haben und alles 100% im Griff hatten, auch wenn es mal etwas &#8220;nervenkitzliger&#8221; wurde. Der Umgang mit Sicherungsgurten war den Meisten ja dank Klettererfahrung bekannt, allerdings ist beispielsweise das Bergen von Segeln bei nicht wenig Wind und Wellengang nicht mehr direkt ein Kinderspiel. Das Hand-in-Hand auf dem Boot auch unter etwas schwierigeren Bedingungen hat sehr viel Spa\u00df gemacht. Gute Freunde, gutes Segeln \ud83d\ude09 Hier\u00a0geht&#8217;s zum Reisebericht. Video (nur f\u00fcr berechtigte Nutzer!)<\/p>\n","protected":false},"author":2,"featured_media":0,"parent":479,"menu_order":0,"comment_status":"open","ping_status":"open","template":"","meta":{"_s2mail":"yes","footnotes":""},"class_list":["post-654","page","type-page","status-publish","hentry"],"jetpack_shortlink":"https:\/\/wp.me\/P3wBN1-ay","jetpack_likes_enabled":true,"jetpack_sharing_enabled":true,"_links":{"self":[{"href":"http:\/\/www.litter.me\/index.php?rest_route=\/wp\/v2\/pages\/654","targetHints":{"allow":["GET"]}}],"collection":[{"href":"http:\/\/www.litter.me\/index.php?rest_route=\/wp\/v2\/pages"}],"about":[{"href":"http:\/\/www.litter.me\/index.php?rest_route=\/wp\/v2\/types\/page"}],"author":[{"embeddable":true,"href":"http:\/\/www.litter.me\/index.php?rest_route=\/wp\/v2\/users\/2"}],"replies":[{"embeddable":true,"href":"http:\/\/www.litter.me\/index.php?rest_route=%2Fwp%2Fv2%2Fcomments&post=654"}],"version-history":[{"count":17,"href":"http:\/\/www.litter.me\/index.php?rest_route=\/wp\/v2\/pages\/654\/revisions"}],"predecessor-version":[{"id":6011,"href":"http:\/\/www.litter.me\/index.php?rest_route=\/wp\/v2\/pages\/654\/revisions\/6011"}],"up":[{"embeddable":true,"href":"http:\/\/www.litter.me\/index.php?rest_route=\/wp\/v2\/pages\/479"}],"wp:attachment":[{"href":"http:\/\/www.litter.me\/index.php?rest_route=%2Fwp%2Fv2%2Fmedia&parent=654"}],"curies":[{"name":"wp","href":"https:\/\/api.w.org\/{rel}","templated":true}]}}